(1).
-10
Let h(t) = 6*t**3 + 148*t**2 + 936*t + 284. What is h(-12)?
-4
Let s(t) = t**3 - 358*t**2 + 2464*t - 2132. What is s(351)?
325
Let s(c) = c**3 + 22*c**2 - 59*c - 26. Give s(6).
628
Let x(s) = -s**2 - 101*s + 1461. What is x(-86)?
2751
Let i(w) = 1121*w - 11258. Calculate i(10).
-48
Let p(f) = 50*f**3 - 14*f**2 - 8*f + 7. Calculate p(-1).
-49
Let r(t) = t**3 - t**2 - 99*t + 129. Give r(11).
250
Let u(r) = r**3 + 393*r**2 + 38183*r - 1922. Calculate u(-217).
31
Let j(r) = 10*r**3 - 61*r**2 + 1358*r - 8125. Determine j(6).
-13
Let g(t) = -45*t - 1935. Give g(-29).
-630
Let w(c) = c**2 + 2099*c + 16725. What is w(-8)?
-3
Let c(q) = 149*q + 4907. Give c(-34).
-159
Let s(b) = b**3 - 31*b**2 + 161*b - 216. Calculate s(4).
-4
Let f(u) = 933*u + 913. Determine f(-1).
-20
Let n(z) = -2*z**3 + 44*z**2 - 221*z + 169. Calculate n(7).
92
Let s(c) = -c**3 + 50*c**2 - 260*c - 222. What is s(44)?
-46
Let r(d) = 381*d - 108955. Give r(286).
11
Let m(b) = 1962*b**2 + 58*b - 1. Calculate m(0).
-1
Let t(x) = -31*x**3 + 1982*x**2 + 99*x - 176. What is t(64)?
-2032
Let v(j) = -1563*j + 23277. What is v(14)?
1395
Let h(x) = x**3 - 17*x**2 - 17*x + 310. Determine h(16).
-218
Let l(i) = -8*i**3 - 134*i**2 + 134*i + 1717. Calculate l(-17).
17
Let l(a) = 9*a**3 + 51*a**2 - 363*a + 557. What is l(4)?
497
Let g(q) = 2*q**2 + 1283*q - 79610. Calculate g(57).
19
Let n(v) = -2*v**3 + 29*v**2 + 23*v + 147. What is n(14)?
665
Let y(c) = -3*c**3 + 562*c**2 + 2897*c - 10. Calculate y(-5).
-70
Let i(u) = u**2 + 2095*u - 33359. Give i(16).
417
Let f(k) = 29*k**3 - 16*k**2 - 21*k + 29. Calculate f(-5).
-3891
Let i(c) = 957*c - 683318. Give i(714).
-20
Let r(i) = 11*i**2 + 826*i - 1585. Determine r(-77).
32
Let q(l) = -l**3 - 20*l**2 + 12*l + 416. Determine q(-20).
176
Let u(r) = 50003*r - 300197. Determine u(6).
-179
Let b(j) = 1277*j**2 - 10201*j - 121. Determine b(8).
-1
Let h(a) = -3749*a - 243474. What is h(-65)?
211
Let g(s) = 17264*s - 207124. What is g(12)?
44
Let m(n) = 32985*n - 6794882. Give m(206).
28
Let p(j) = 881*j - 1062. What is p(1)?
-181
Let x(v) = v**3 + 23*v**2 + 726*v + 11503. What is x(-18)?
55
Let f(i) = 2822*i - 50789. What is f(18)?
7
Let s(p) = -2*p**3 + 399*p**2 - 207*p + 1499. Calculate s(199).
-93
Let h(y) = 211*y - 8991. Give h(43).
82
Let d(u) = -173995*u - 695876. What is d(-4)?
104
Let d(s) = 23300*s - 3075596. Determine d(132).
4
Let x(g) = 11*g**3 + 44*g**2 + 117*g + 484. What is x(-4)?
16
Let x(d) = -d**3 + 3*d**2 - 74*d - 373. Give x(-7).
635
Let u(s) = -9393*s + 187871. Give u(20).
11
Let u(m) = -16*m**3 + 7*m**2 - 44*m + 152. What is u(4)?
-936
Let y(h) = -5*h**2 - 545*h + 5941. What is y(-119)?
-9
Let v(d) = -422995*d + 2960972. Give v(7).
7
Let f(a) = 737*a - 4114. Give f(5).
-429
Let p(f) = -3*f**3 - 226*f**2 - 39*f + 1674. Determine p(-75).
-1026
Let n(y) = 630*y**3 - 7*y**2 - 955*y + 961. Give n(1).
629
Let x(t) = 2*t**3 + 172*t**2 + 987*t - 4. What is x(0)?
-4
Let r(n) = 36*n + 4513. What is r(-114)?
409
Let y(g) = -533*g**3 + 5330*g**2 - 2*g + 35. What is y(10)?
15
Let y(a) = 6768*a**2 + 20298*a - 2. Give y(-3).
16
Let b(a) = 2*a**3 + 191*a**2 + 127*a + 2973. Give b(-95).
-67
Let c(t) = -t**3 - 96*t**2 + 1789*t - 218. Determine c(-112).
118
Let c(k) = 286*k**2 - 708*k + 2. Determine c(2).
-270
Let v(m) = 34*m**2 - 626*m + 3138. Determine v(7).
422
Let p(m) = -786*m + 2259. Give p(5).
-1671
Let x(z) = z**3 - 43*z**2 - 846*z + 2685. What is x(57)?
-51
Let r(q) = 179*q**2 - 107*q - 2. Determine r(2).
500
Let z(n) = 8559*n - 68596. Give z(8).
-124
Let i(q) = -196*q**3 - 207*q**2 - q - 2. What is i(-1)?
-12
Let j(i) = 6*i**2 + 902*i + 910. What is j(-1)?
14
Let l(g) = 4*g**3 + 5*g**2 + 74*g + 146. What is l(-5)?
-599
Let j(f) = -6*f**2 - 608*f + 17344. Calculate j(-124).
480
Let w(o) = 4977*o + 34812. Give w(-7).
-27
Let v(h) = -157776*h + 5048844. Calculate v(32).
12
Let h(s) = -84*s + 11608. What is h(133)?
436
Let k(j) = 4*j**2 - 244*j - 614. What is k(-2)?
-110
Let l(m) = 2*m**3 + 15*m**2 - 19*m + 123. Determine l(-9).
51
Let t(p) = 619*p - 806. Determine t(4).
1670
Let d(a) = 57*a - 5870. What is d(104)?
58
Let w(l) = 10*l + 799. What is w(-2)?
779
Let q(n) = -5287*n - 629233. Give q(-119).
-80
Let a(m) = -96*m**2 - 1643*m + 9932. What is a(6)?
-3382
Let u(l) = -27*l**2 - 772*l - 83. Give u(-30).
-1223
Let h(l) = l**3 + 142*l**2 - 1197*l + 4. What is h(8)?
28
Let b(z) = z**3 + 33*z**2 + 6*z + 215. What is b(-33)?
17
Let c(b) = -306949*b + 7673693. Determine c(25).
-32
Let s(m) = 7*m**2 + 364908*m + 364908. Give s(-1).
7
Let u(y) = y**3 + 233*y**2 + 545*y - 33385. Determine u(-230).
-35
Let i(x) = 666*x**2 - 15341*x + 32. Determine i(23).
-497
Let y(c) = 109738*c + 7. What is y(0)?
7
Let l(m) = m**3 - 60*m**2 - 385*m + 3. Give l(-8).
-1269
Let m(c) = -3843*c**2 + 315124*c + 161. Determine m(82).
-3
Let b(p) = -2*p**2 + 414*p + 31382. Give b(-59).
-6
Let p(u) = -29*u**2 - 879*u + 35555. Give p(23).
-3
Let q(s) = -3*s**3 + 404*s**2 + 534*s + 532. What is q(136)?
-828
Let f(u) = -4*u**2 + 3920*u + 11798. What is f(-3)?
2
Let n(x) = -1574*x + 9323. Give n(6).
-121
Let i(s) = -17840*s + 1676954. Determine i(94).
-6
Let k(b) = 3*b**2 - 8324*b + 58246. Calculate k(7).
125
Let v(s) = 84*s + 1929. Give v(-13).
837
Let t(z) = -2152*z - 92535. Calculate t(-43).
1
Let b(j) = j**3 - 15*j**2 + 50*j + 18. Determine b(11).
84
Let g(b) = 605*b - 69329. What is g(116)?
851
Let d(c) = 5600*c - 61980. Calculate d(11).
-380
Let y(x) = -5337*x + 21496. Determine y(4).
148
Let t(h) = 14*h**3 - 159*h**2 - 5318*h - 311. Give t(26).
1
Let z(t) = 2*t**2 + 60797*t - 4937689. What is z(81)?
-10
Let a(t) = -3*t**3 - 139*t**2 - 167*t + 52. Determine a(-45).
-533
Let o(g) = -4*g**3 - 39*g**2 + 862*g + 8512. What is o(-10)?
-8
Let x(k) = -8079*k + 97064. Give x(12).
116
Let v(r) = 5*r**2 - 890*r + 37296. What is v(110)?
-104
Let u(p) = -95573*p**2 - 1146875*p + 14. Give u(-12).
2
Let q(c) = -758*c - 13967. Give q(-19).
435
Let f(s) = 3*s**3 + 23*s**2 - 13*s - 48. Give f(-8).
-8
Let r(i) = i**3 - 74*i**2 - 545*i + 39408. Calculate r(74).
-922
Let a(p) = -4464*p**2 - 26750*p + 37. Calculate a(-6).
-167
Let f(o) = o**2 + 815310*o - 13860564. Calculate f(17).
-5
Let q(w) = -2*w**3 + 26*w**2 - 174*w + 127. What is q(9)?
-791
Let h(n) = n**2 + 3427*n + 13683. What is h(-4)?
-9
Let p(q) = -5*q**2 + 404*q + 2890. Determine p(-7).
-183
Let r(i) = 5341*i + 608875. Give r(-114).
1
Let f(g) = g**3 - 46*g**2 - 612*g - 553. What is f(57)?
302
Let n(o) = -2*o**3 + 187*o**2 - 3096*o + 2. What is n(72)?
2
Let l(d) = d**2 + 69*d + 231. What is l(-42)?
-903
Let d(a) = -a**2 - 20*a - 33. Determine d(-12).
63
Let f(z) = z**3 + 170*z**2 + 1775*z + 4107. Give f(-159).
-27
Let m(j) = -2177*j**2 + 21696*j + 751. Determine m(10).
11
Let v(y) = y**3 + 30*y**2 + 168*y - 994. Give v(0).
-994
Let m(j) = -j**3 + 24*j**2 + 78*j + 204. Calculate m(27).
123
Let c(t) = -49*t**3 + 7*t**2 + 27*t + 27. What is c(-2)?
393
Let p(w) = -w**3 - 15*w**2 + 517*w + 8772. Calculate p(-17).
561
Let h(d) = -350*d - 29013. Calculate h(-80).
-1013
Let m(p) = p**3 - 77*p**2 - 131*p - 1499. Calculate m(79).
634
Let y(t) = -66*t**3 - 9*t**2 + 27*t + 39. What is y(-1)?
69
Let j(m) = 82986*m - 2738540. Calculate j(33).
-2
Let i(y) = 68*y - 375. Determine i(4).
-103
Let v(j) = 71*j**3 + 580*j**2 + 16*j + 9. Give v(-8).
649
Let c(m) = -2*m**3 - 569*m**2 - 6033*m - 177. Calculate c(-11).
-1
Let w(g) = -g**3 - 137*g**2 - 440*g - 5002. What is w(-134)?
90
Let s(q) = -13*q**2 - 210*q + 1625. What is s(9)?
-1318
Let d(m) = -54*m**2 + 25*m - 124. Give d(4).
-888
Let j(z) = -7*z**2 - 507*z - 4733. What is j(-10)?
-363
Let d(l) = l**3 + 164*l**2 + 1681*l - 311. Give d(-153).
-5
Let u(r) = -2*r**3 + 12*r**2 - 16*r + 36. What is u(6)?
-60
Let n(y) = -y**3 + 21*y**2 - 181*y + 2199. Calculate n(14).
1037
Let b(d) = 2*d**3 - 52*d**2 + 19*d - 1969. What is b(27)?
2
Let s(y) = -10*y**2 + 560*y - 1049. Calculate s(54).
31
Let o(r) = -1925*r - 334940. Determine o(-174).
10
Let h(d) = d**2 - 360*d + 32222. Give h(193).
-9
Let b(q) = -58*q**3 - 65*q**2 + 12*q + 6. Determine b(-1).
-13
Let o(p) = 1652*p - 646148. Calculate o(391).
-216
Let x(z) = 1650*z + 19625. What is x(-12)?
-175
Let g(m) = 3*m**3 + 18*m**2 + 587*m + 2834. What is